{"id":746,"date":"2020-02-04T09:25:44","date_gmt":"2020-02-04T09:25:44","guid":{"rendered":"http:\/\/www.gneist.org\/pingvinlekene\/?page_id=746"},"modified":"2025-12-07T20:35:20","modified_gmt":"2025-12-07T20:35:20","slug":"premiering","status":"publish","type":"page","link":"https:\/\/www.gneist.org\/pingvinlekene\/premiering\/","title":{"rendered":"Premiering"},"content":{"rendered":"\n<p><strong>Klassene rekrutt (6-7-8-9 \u00e5r), + klasse 10 \u00e5r og friske viljer <\/strong><br>Deltagerpremie (Pingvin) til alle.<\/p>\n\n\n\n<p><strong>Klassene 11 &#8211; 14 \u00e5r.<\/strong><br>Deltagerpremie (Pingvin) til alle.<br>Topp 3 medaljer gull-s\u00f8lv-bronse<\/p>\n\n\n\n<p><strong>Klassene 15 \u00e5r &#8211; 18\/19 \u00e5r<\/strong> (\u00d8velser kun korthekk og kule)<br>Deltagerpremie (Pingvin) til alle<br>Topp 3 medaljer gull-s\u00f8lv-bronse<br><br><strong>Premiering senior:<\/strong><br>Deltagerpremie (Pingvin) til alle<br>F\u00f8rste premie (gavekort Intersport kr 500.-)<br>Topp 3 medaljer gull-s\u00f8lv-bronse <br><br><\/p>\n\n\n\n<p><\/p>\n\n\n\n<p><\/p>\n","protected":false},"excerpt":{"rendered":"<p>Klassene rekrutt (6-7-8-9 \u00e5r), + klasse 10 \u00e5r og friske viljer Deltagerpremie (Pingvin) til alle. Klassene 11 &#8211; 14 \u00e5r.Deltagerpremie (Pingvin) til alle.Topp 3 medaljer gull-s\u00f8lv-bronse Klassene 15 \u00e5r &#8211; 18\/19 \u00e5r (\u00d8velser kun korthekk og kule)Deltagerpremie (Pingvin) til alleTopp 3 medaljer gull-s\u00f8lv-bronsePremiering senior:Deltagerpremie (Pingvin) til alleF\u00f8rste premie (gavekort Intersport kr 500.-)Topp 3 medaljer gull-s\u00f8lv-bronse<\/p>\n","protected":false},"author":1,"featured_media":0,"parent":0,"menu_order":0,"comment_status":"closed","ping_status":"closed","template":"","meta":{"footnotes":""},"class_list":["post-746","page","type-page","status-publish","hentry"],"jetpack_sharing_enabled":true,"_links":{"self":[{"href":"https:\/\/www.gneist.org\/pingvinlekene\/wp-json\/wp\/v2\/pages\/746","targetHints":{"allow":["GET"]}}],"collection":[{"href":"https:\/\/www.gneist.org\/pingvinlekene\/wp-json\/wp\/v2\/pages"}],"about":[{"href":"https:\/\/www.gneist.org\/pingvinlekene\/wp-json\/wp\/v2\/types\/page"}],"author":[{"embeddable":true,"href":"https:\/\/www.gneist.org\/pingvinlekene\/wp-json\/wp\/v2\/users\/1"}],"replies":[{"embeddable":true,"href":"https:\/\/www.gneist.org\/pingvinlekene\/wp-json\/wp\/v2\/comments?post=746"}],"version-history":[{"count":5,"href":"https:\/\/www.gneist.org\/pingvinlekene\/wp-json\/wp\/v2\/pages\/746\/revisions"}],"predecessor-version":[{"id":1560,"href":"https:\/\/www.gneist.org\/pingvinlekene\/wp-json\/wp\/v2\/pages\/746\/revisions\/1560"}],"wp:attachment":[{"href":"https:\/\/www.gneist.org\/pingvinlekene\/wp-json\/wp\/v2\/media?parent=746"}],"curies":[{"name":"wp","href":"https:\/\/api.w.org\/{rel}","templated":true}]}}